{"id":195,"date":"2013-09-29T20:40:31","date_gmt":"2013-09-29T18:40:31","guid":{"rendered":"http:\/\/zodor.se\/productions\/?page_id=195"},"modified":"2018-06-13T20:34:21","modified_gmt":"2018-06-13T18:34:21","slug":"pax-haiku","status":"publish","type":"page","link":"https:\/\/zodor.se\/productions\/iphone-apps\/pax-haiku\/","title":{"rendered":"Pax Haiku"},"content":{"rendered":"<p><img decoding=\"async\" style=\"float: left; padding: 25px; margin: 0px;\" src=\"http:\/\/zodor.se\/productions\/wp-content\/uploads\/2013\/10\/ikon_114x114.png\" alt=\"Pax Haiku\" width=\"80\" \/><\/p>\n<h3 style=\"padding-top: 10px;\"><strong>Pax Haiku<\/strong><\/h3>\n<p style=\"padding-top: 20px;\">Detta \u00e4r en app f\u00f6r alla som \u00e4lskar dikter och d\u00e5 speciellt d\u00e5 Japanska Haiku-dikter. Per-Axel Hall (Pax) \u00e4r f\u00f6rfattaren till alla dikterna i appen.<\/p>\n<p>Varje vecka kommer det att publiceras nya dikter och varje dikt till\u00e4gnas en speciell \u00e5rstid. En rolig detalj \u00e4r att det finns en funktion i appen som s\u00f6ker p\u00e5 Google efter ord i texten och vilka ord som ing\u00e5r i s\u00f6kningen best\u00e4ms av vilken veckodag det \u00e4r.<\/p>\n<hr \/>\n<p style=\"padding-top: 20px;\">This is an app for all who love poetry and especially the Japanese Haiku poems. Per-Axel Hall (Pax) is the author of all the poems in the app. Each week there will new poems published and each poem is dedicated to a specific season. A funny detail is that there is a feature in the app that searches Google for words in the text and the words that are included in the search is determined by what day in the week the search is performed.<\/p>\n<div>\n<div style=\"float: right; padding-top: 20px;\"><a href=\"https:\/\/itunes.apple.com\/se\/app\/pax-haiku\/id719117079?mt=8\"><img decoding=\"async\" src=\"\/productions\/wp-content\/uploads\/2013\/08\/Available_on_the_App_Store_Badge_US-UK_135x40.png\" \/><\/a><\/div>\n<\/div>\n","protected":false},"excerpt":{"rendered":"<p>Pax Haiku Detta \u00e4r en app f\u00f6r alla som \u00e4lskar dikter och d\u00e5 speciellt d\u00e5 Japanska Haiku-dikter. Per-Axel Hall (Pax) \u00e4r f\u00f6rfattaren till alla dikterna i appen. Varje vecka kommer det att publiceras nya dikter och varje dikt till\u00e4gnas en speciell \u00e5rstid. En rolig detalj \u00e4r att det finns en funktion i appen som s\u00f6ker &hellip; <\/p>\n<p class=\"link-more\"><a href=\"https:\/\/zodor.se\/productions\/iphone-apps\/pax-haiku\/\" class=\"more-link\">Forts\u00e4tt l\u00e4sa<span class=\"screen-reader-text\"> \u201dPax Haiku\u201d<\/span><\/a><\/p>\n","protected":false},"author":2,"featured_media":0,"parent":59,"menu_order":0,"comment_status":"open","ping_status":"open","template":"","meta":{"footnotes":""},"_links":{"self":[{"href":"https:\/\/zodor.se\/productions\/wp-json\/wp\/v2\/pages\/195"}],"collection":[{"href":"https:\/\/zodor.se\/productions\/wp-json\/wp\/v2\/pages"}],"about":[{"href":"https:\/\/zodor.se\/productions\/wp-json\/wp\/v2\/types\/page"}],"author":[{"embeddable":true,"href":"https:\/\/zodor.se\/productions\/wp-json\/wp\/v2\/users\/2"}],"replies":[{"embeddable":true,"href":"https:\/\/zodor.se\/productions\/wp-json\/wp\/v2\/comments?post=195"}],"version-history":[{"count":20,"href":"https:\/\/zodor.se\/productions\/wp-json\/wp\/v2\/pages\/195\/revisions"}],"predecessor-version":[{"id":636,"href":"https:\/\/zodor.se\/productions\/wp-json\/wp\/v2\/pages\/195\/revisions\/636"}],"up":[{"embeddable":true,"href":"https:\/\/zodor.se\/productions\/wp-json\/wp\/v2\/pages\/59"}],"wp:attachment":[{"href":"https:\/\/zodor.se\/productions\/wp-json\/wp\/v2\/media?parent=195"}],"curies":[{"name":"wp","href":"https:\/\/api.w.org\/{rel}","templated":true}]}}